(8)?
14
What is the remainder when (-1)/6*(-18)/3 is divided by 1?
0
Let s(r) = 24*r**2 - r. What is the remainder when s(1) is divided by -24*(-4)/8*1?
11
Let z(n) = -n**2 - 16*n - 12. Let b = -23 + 41. What is the remainder when z(-8) is divided by b?
16
Suppose -5*z + 95 = -15. What is the remainder when 55 is divided by z?
11
What is the remainder when 27 is divided by ((-42)/10)/((-18)/60)?
13
Let y(m) = -2*m**2 - 2*m - 2. Let p(z) = -2*z**2 - 3*z - 2. Let s(v) = -4*p(v) + 3*y(v). Calculate the remainder when 27 is divided by s(-4).
7
Suppose 2*z + 0*g - 5*g = -6, 0 = -z - 2*g + 6. Let t(d) = 8*d - 2. Calculate the remainder when t(z) is divided by 5.
4
Suppose -5*i + 11 - 1 = 0. Suppose 3*g + 4*d = -2*g + 21, -d = -2*g + 11. What is the remainder when g is divided by i?
1
Let q be 0 + 0 + 24/12. Let h = q + 9. Calculate the remainder when 32 is divided by h.
10
Let l(n) = -3*n + 7. Let m be l(6). Let q = m + 22. Let p = 7 - 1. Calculate the remainder when q is divided by p.
5
Let o = 6 - 4. Suppose o*j - 8 = 10. What is the remainder when j is divided by 4?
1
What is the remainder when 19 is divided by (-6)/(-16) - (-53)/8?
5
Suppose 2*k - 4 + 0 = 0. Let m be 2/(k/47)*-2. Let q = -44 - m. What is the remainder when q is divided by 17?
16
What is the remainder when (-99)/6*90/(-27) is divided by 14?
13
Calculate the remainder when 30 is divided by 4 + (6 - -1) + -2.
3
Suppose 8 = w - 1. What is the remainder when 32 is divided by w?
5
Let w(i) = i**2 + 16*i + 20. Let t be w(-15). Suppose -l + t + 46 = 0. Calculate the remainder when l is divided by 26.
25
Suppose 0*r + 4*r - 68 = 0. Let n(c) be the first derivative of -9*c**2/2 + c + 3. What is the remainder when r is divided by n(-1)?
7
Suppose -3*o - 2*p = -0*o - 20, 0 = -5*o + 4*p + 48. What is the remainder when 22 is divided by o?
6
Let g(d) = d**3 - 6*d**2 - 7*d + 9. Let c be (4 - 0) + (0 - -3). Let o be g(c). Let x = o - 4. Calculate the remainder when 9 is divided by x.
4
Let l = -8 + 78. What is the remainder when l is divided by 36?
34
Let m be (10/15)/((-2)/(-6)). Suppose -3*p = -m*p - 16. Suppose -12 = -4*b + p. What is the remainder when b is divided by 3?
1
Let u = -34 - -45. Calculate the remainder when u is divided by 4.
3
Let c(u) = -20*u + 1. Let h(i) = -i**2 - 17*i - 58. What is the remainder when c(-1) is divided by h(-11)?
5
Suppose 0 = 8*a - 3*a - 305. Let m = 9 + -2. What is the remainder when a is divided by -3*(-3 + 2)*m?
19
Suppose -i + 17 = 3*d, -3*i - 5*d = 5 - 56. What is the remainder when 29 is divided by i?
12
Let w = 138 - 115. What is the remainder when w is divided by 6?
5
Suppose 4*a - a = 0. Let q(s) = -s + 28. Suppose 5*z - 29 - 36 = 5*f, -f = 3*z - 27. Calculate the remainder when q(a) is divided by z.
8
What is the remainder when 37 is divided by (-70)/(-8) - (-12)/(-16)?
5
Let r(t) = 3*t. Suppose -3*n - 14 = -5*h, 2*n = -2*h - 3*n - 13. Let y be r(h). Suppose y = -k + 12. Calculate the remainder when k is divided by 5.
4
Let o(t) = -3*t + 8. Calculate the remainder when o(-11) is divided by 11.
8
Let z be 4/8*36*1. Suppose 2*b + 2*b + 2*c = z, -3*c - 9 = 0. What is the remainder when 11 is divided by b?
5
Let j(s) = -s**3 + 6*s**2 - 6*s. Let d be j(4). Let h(x) = -x**2 + 8*x + 2. What is the remainder when 4 is divided by h(d)?
0
Let d = 69 + -34. Suppose g - 3*v - 33 = 0, -2*g + 19 + 27 = -2*v. What is the remainder when d is divided by g?
17
Suppose 6*t - 70 = t. What is the remainder when 54 is divided by t?
12
Let b be ((-3)/9)/(2/(-12)). Let t = b + 3. Suppose 0 = -2*x - 0*x + 26. Calculate the remainder when x is divided by t.
3
Let v(g) = -g**3 - 2*g**2 + 5*g + 3. Let p be v(-5). Suppose -160 = -2*m - 3*i + p, 3*i + 207 = 2*m. Calculate the remainder when m is divided by 27.
24
Let n = 3 - -37. What is the remainder when n is divided by 14?
12
Let o be 6*(1 - (-33)/(-6)). Let c = -18 - o. Calculate the remainder when (-3)/(-2) + 1040/32 is divided by c.
7
Calculate the remainder when 46 - -29 - (-1 - 1) is divided by 23.
8
Let a be (-4)/18 - 15026/99. What is the remainder when 37 is divided by (a/(-12))/(2/3)?
18
Suppose 15 - 1 = 2*o. Let n = -4 - -6. Suppose -26 = -n*z - 0*z. Calculate the remainder when z is divided by o.
6
Let y(w) = 15*w**2 + 4*w - 6. Calculate the remainder when y(3) is divided by 11.
9
Calculate the remainder when (-15)/(-20) - 243/(-12) is divided by 14.
7
Let k(c) = -c**3 - 5*c**2 + 3*c - 4. Let m be k(-6). Let l = m - -5. Calculate the remainder when 2*((-111)/(-6) + 0) is divided by l.
18
Let z(p) = -p + 2. Let u be z(0). Suppose u*j + 57 = 5*j. Suppose t = j + 1. Calculate the remainder when t is divided by 7.
6
Let t(z) = 2*z**2 - 8*z + 7. Let a be (-5 - -10)*42/(-5). Let h = a + 91. Calculate the remainder when h is divided by t(5).
15
Let u(r) = r**3 + 5*r**2 + 2. Let l be u(-5). Let b = l + 13. Let x(o) = -o**3 + o**2 + 8. What is the remainder when b is divided by x(0)?
7
What is the remainder when 73 is divided by 10/(-35) + 354/14?
23
What is the remainder when -30*1/(-2)*2 is divided by 16?
14
Suppose -2*w = 1 + 7, -w - 29 = -5*o. Suppose 0 = -o*z + z + 88. What is the remainder when 1*-3*z/(-3) is divided by 8?
6
Let a = 84 + -47. What is the remainder when a is divided by 20?
17
Let x = 447 + -307. Calculate the remainder when (x/49)/(1/7) is divided by 8.
4
Let y(n) = n**3 + 11*n**2 + 10*n - 2. Let c be y(-10). What is the remainder when (-6)/(-9)*(1 + 35) is divided by c/9 - 119/(-9)?
11
Suppose -2*g = 3*g - 45. Calculate the remainder when 33 is divided by g.
6
Let i = 5 + 3. Let r be (4/5)/(6/345). Suppose 2*c - 5*k = -2*c + 61, -3*c = -4*k - r. Calculate the remainder when c is divided by i.
6
What is the remainder when 6 is divided by 4 - 6*4/12?
0
Suppose -3*g = -4*a - 52, g = -4*a - 2*g - 76. Let k be (a/6)/(8/(-12)). Let x = k - -1. Calculate the remainder when 8 is divided by x.
3
Suppose -5*n + 32 = -n. Suppose 0 = -3*m + n*m - 65. What is the remainder when 24 is divided by m?
11
Let r = 50 - 38. What is the remainder when 47 is divided by r?
11
What is the remainder when 60 is divided by 13 + 2*(-6)/(-4)?
12
Suppose w - 1 = -8. Let d(o) = -7*o - 8. What is the remainder when d(w) is divided by 14?
13
Suppose -3*y + 81 = -75. Let k(a) = 18*a**3. What is the remainder when y is divided by k(1)?
16
Let a(b) = b**3 - 2*b**2 + 4*b - 3. Let v = 124 + -83. Let f = 30 + v. What is the remainder when f is divided by a(3)?
17
Let g(y) = y**3 + 10*y**2 - 13*y - 15. Calculate the remainder when g(-11) is divided by 4.
3
Suppose u = 5*y - 36, 4*u - 24 = -0*y - 4*y. Suppose 3*c = -5*j - 53 + 146, -3*j = -3*c - 51. What is the remainder when j is divided by y?
4
What is the remainder when 21 is divided by (-4)/2*299/(-46)?
8
Let c(r) = 3*r - 21. Calculate the remainder when c(18) is divided by 13.
7
Let f = 2 - 2. Let d = f - -1. Suppose -b = -1, 7*b - 2*b - 6 = -w. What is the remainder when w is divided by d?
0
Let k(s) = -2*s - 3. Suppose 2*w = 3*p - 3 - 3, 4 = -2*w + 4*p. Calculate the remainder when (-82)/w - 14/21 is divided by k(-5).
6
Suppose 0*a - 150 = -5*a. What is the remainder when a is divided by 2 + -2 - (2 - (-26)/(-2))?
8
Let o be (2 - 2 - 1) + 1. Let n = o - 0. Suppose 2*h + 2*h - 20 = n. What is the remainder when h is divided by 3?
2
Suppose -4*u = -3*u - 2, -4*g + 46 = -u. Let q = 6 - 9. What is the remainder when 36*1 + (q - -1) is divided by g?
10
Let u be (0 + -2)*(-4)/8. Suppose -3*l + 8 = -u. What is the remainder when 7 is divided by l?
1
Suppose -10 = 3*v + 11. Let i(f) = -3*f - 6. Calculate the remainder when 43 is divided by i(v).
13
Let t(f) = -f**2 - 2*f + 4. Let j be t(-3). Let v be (2 - j)/(1/(-23)). Let a = v - -53. What is the remainder when a is divided by 16?
14
Let t = 222 - 151. Suppose 4*r - 30 = r + 3*h, -2*h = 5*r - t. What is the remainder when 37 is divided by r?
11
Let t(r) = 3*r**2 + 3*r + 3. Let m(n) = -n**2 + 1. Let u(z) = -4*m(z) - t(z). Calculate the remainder when u(5) is divided by (-1 + 5)*(3/4)/3.
0
Let n be 3 + 6*(3 - 2). Let j = n + 3. What is the remainder when 23 is divided by j?
11
Suppose -2*b - 2*p = -4, 13 - 48 = -4*b + 5*p. Suppose 0 = n + 4*h - 15, -b*n - 4*h + 88 = -19. What is the remainder when 90 is divided by n?
21
Let v(t) = t**2 